e prime factors of q?
2, 29
Let g(m) = -213*m + 4175. What are the prime factors of g(8)?
7, 353
Suppose 2*r + 2717 = -3285. Let a = -1326 - r. List the prime factors of a.
5, 67
Suppose 10*w + 1338 = 2*q + 5*w, 4*q = 2*w + 2708. Let k = -222 + q. What are the prime factors of k?
457
Let p(k) = 2*k**2 + 23*k + 6. Let d be p(-16). Let a = d - 61. Suppose 2*l - 110 = -3*m + a, -m + 4*l + 43 = 0. List the prime factors of m.
3, 7
Let j(v) = 6*v - 24. Let a be j(17). Suppose 7*m = -8 + a. List the prime factors of ((-476)/(-70))/(1 - 8/m).
2, 17
Let x = 47 + -52. Let d(s) = 15*s**2 + 5*s + 17. Let h(w) = -5*w**2 - 2*w - 6. Let q(v) = 6*d(v) + 17*h(v). List the prime factors of q(x).
5, 29
Let f(x) = -74*x - 8. Let y be f(-5). Let j = -258 + 258. Suppose -12*p + y + 166 = j. What are the prime factors of p?
2, 11
Suppose j - 5*t = -9*t - 80, 4*t = -5*j - 320. What are the prime factors of ((-909)/(-6) + 3)*(-440)/j?
11, 103
Let h(i) = 4669*i - 5319. List the prime factors of h(4).
19, 37
Let g(y) = 228*y - 225. Let p(v) = -343*v + 337. Let x(k) = 8*g(k) + 5*p(k). What are the prime factors of x(10)?
3, 5, 13
Suppose 0 = 55*g - 57*g + p + 2363, -4*g + 4*p + 4720 = 0. List the prime factors of g.
7, 13
Suppose 1 = 3*x - 8. Suppose -x*k = 3*r - 954, 6*k = 2*k + 3*r + 1272. What are the prime factors of k?
2, 3, 53
Let p = -3418 + 34413. What are the prime factors of p?
5, 6199
Suppose -8*n + 11 = -5. Suppose 265 - 65 = 3*b + 2*p, 0 = p + n. Let f = -29 + b. What are the prime factors of f?
3, 13
Let b = -17 - -1. Let d(v) = -1. Let g(a) = -a + 8. Let t(u) = 4*d(u) + g(u). What are the prime factors of t(b)?
2, 5
Suppose -v + 357*s - 355*s + 18100 = 0, 0 = 3*v + s - 54286. What are the prime factors of v?
2, 3, 13, 29
Let o be (-24)/(-18)*5/(40/516). Suppose o*p = 83*p + 444. List the prime factors of p.
2, 37
Let z be (-39)/(-2)*12*-1. Suppose 454 = -127*p + 128*p. Let g = p + z. What are the prime factors of g?
2, 5, 11
Suppose z + 10*z - 165 = 0. Suppose -5 = -4*k + z. Suppose -q = -2*n + 78, q + 221 = 5*n + k*q. List the prime factors of n.
41
Suppose -5*a + 5*h = 110, h = a - h + 19. Let j = a - 25. List the prime factors of (j/(-45)*3)/(2/45).
3, 5
Let s be 3/((-18)/(-40)) + (-19)/(-57). Let k(g) = 7*g**2 + 25*g + 20. List the prime factors of k(s).
2, 269
Let o be 1/(-10) + (-51)/(-10). Suppose o*g - 718 = 3*q, -3*q = 1 + 2. List the prime factors of g.
11, 13
Let v(a) = a**2 - 25*a + 76. Let p be v(24). List the prime factors of (-200)/p + 4 + 4494/26.
173
Suppose 0 = 7*u + 3*u + 2280. Suppose -12*t + 6829 = 2449. Let r = u + t. What are the prime factors of r?
137
Suppose -4*w + 50583 = r, -18*r - 37938 = -3*w - 19*r. What are the prime factors of w?
3, 5, 281
Let a = 894 - 355. Suppose -3*o = -6, 19*o - 21*o = z - a. List the prime factors of z.
5, 107
Let q(f) = 10*f + 161. Let g be q(-15). Suppose g*l - 66 = 8*l. List the prime factors of l.
2, 11
Let m(y) = y**3 - 10*y**2 + 6*y + 8. Let h be m(10). Suppose 22*q - h = 20*q. List the prime factors of (-2)/4 + 7225/q.
2, 53
List the prime factors of -2 + 95982/4 + -7*(-18)/(-252).
23993
Suppose 3*p = p - 60. Let b(k) = -2*k**2 - 36*k + 5. Let i be b(-12). Let s = i + p. What are the prime factors of s?
7, 17
Let k(b) = 13*b**2 - 26*b - 35. Let p be k(-8). What are the prime factors of p/(-25)*-28 - (-8)/20?
2, 563
Suppose -271*n = w - 275*n - 28722, -5*n = 3*w - 86319. What are the prime factors of w?
2, 3, 4793
Suppose -69*p = -71*p - 814. Let z = p - -788. List the prime factors of z.
3, 127
Suppose 5*v + 45 = 1090. Let n = -123 + v. Suppose 5*i - n = 104. List the prime factors of i.
2, 19
Suppose -195605 = -5*g + 5*x, 78*g = 75*g - 5*x + 117371. List the prime factors of g.
2, 31, 631
Suppose 0 = -2*m + r + 222, 2*m + 20*r - 230 = 17*r. Suppose m*x - 108*x = 292. What are the prime factors of x?
73
Let a(w) = 76*w**2 + 4*w + 62805. What are the prime factors of a(0)?
3, 5, 53, 79
Let w = -112 - -100. Let a(d) = -d + 1. Let f be a(w). Let x(r) = r**3 - 10*r**2 - 30*r - 30. What are the prime factors of x(f)?
3, 29
Let r be (0 - (-171)/2)/((-54)/(-1368)). Suppose -91*j - r = -97*j. What are the prime factors of j?
19
Let u = 110987 - 75041. What are the prime factors of u?
2, 3, 1997
Let n = 10756 + -5887. What are the prime factors of n?
3, 541
Suppose a = -4*z - 0*a + 91335, 4*z + 3*a - 91349 = 0. List the prime factors of z.
2, 1427
Let g(c) = -770*c + 14. Let i be g(1). Let m = -169 - i. List the prime factors of m.
587
What are the prime factors of 412/309*(3 + -4 + 20212)?
2, 6737
Suppose -32*d = 32 - 160. Suppose -4*f + 1096 = -4*g, 3*f - d*g = -7*g + 852. What are the prime factors of f?
3, 31
Let p(x) = -8*x - 7. Let c be p(3). Let t = c - -34. What are the prime factors of t/(-6)*0 + 85*2?
2, 5, 17
Suppose -76 = -46*x + 16. Suppose -x*s + 2548 = 17*a - 13*a, -3*s + 5*a = -3767. What are the prime factors of s?
2, 79
Let c be 5 + (-2 - 0) - 0. Suppose -4*t = c*h - 478, -2*t = 4*h - 0*h - 234. List the prime factors of t.
11
Let f = 66733 - 47040. What are the prime factors of f?
47, 419
Let b(a) = 44*a**3 + a**2 - 4*a - 6. Let t(w) = 45*w**3 + w**2 - 4*w - 5. Let q(x) = -4*b(x) + 3*t(x). List the prime factors of q(-3).
3, 5, 73
Let m = 7656 + 8785. List the prime factors of m.
41, 401
Let q = 2513 + 4708. What are the prime factors of q?
3, 29, 83
Suppose 7*q + 20 = 48. Let y(k) = 16*k**3 + 7*k**2 - 13*k + 35. List the prime factors of y(q).
3, 373
Let s(b) = 2*b**3 + 5*b**2 - 4*b - 1. Let z be (3/6)/((-2)/(-36)*-3). Let u be s(z). Suppose u*l - l = 84. What are the prime factors of l?
2, 3, 7
Let p(y) = -10*y + 25. Suppose 4*t - 2*m - 26 = 0, -4*t - 2*m + 17 = 3. Let b = t - 14. List the prime factors of p(b).
5, 23
Suppose 0*o - 14161 - 15624 = -23*o. List the prime factors of o.
5, 7, 37
Let p(r) = -1923*r - 1182. What are the prime factors of p(-2)?
2, 3, 37
Let k(h) = 2*h + 19. Let c be k(-7). Let s be 0 + (c - 5) + 9*114. Suppose -s = -11*j + 2*j. What are the prime factors of j?
2, 3, 19
Suppose 7160 = 8*k + 1504. Suppose -2*l + k = -399. List the prime factors of l.
7, 79
Let m be (-2 - -3) + -113 + -4. Let q = 46 + m. Let c = -3 - q. What are the prime factors of c?
67
Let u(d) = d**3 + 21*d**2 + 16*d - 22. Let j be 4/(2/(-10) - 0). What are the prime factors of u(j)?
2, 29
Let o(k) = -k**2 - 20*k - 51. Let p be o(-8). Suppose 0 = -3*m + 12, -2*f - 3*m - m = 46. Let b = p + f. What are the prime factors of b?
2, 7
Let d(r) = 2*r**2 + r - 1. Let i be d(1). Let p = 63 - 63. Suppose 4*l - i*l + 4 = p, l - 166 = -4*z. What are the prime factors of z?
2, 3, 7
Suppose -a + 3289 = 8*j - 4*j, 3*j + 3*a = 2460. Let t = j - -560. List the prime factors of t.
3, 461
Suppose 22*r + 30*r - 1496396 = 8*r. List the prime factors of r.
71, 479
Let c = 5927 + -3693. What are the prime factors of c?
2, 1117
Let n(k) be the third derivative of -k**4/4 - 2*k**3/3 + 10*k**2. Let u be n(-1). List the prime factors of (-2)/u - ((-776)/4 - 0).
193
Let m(b) be the second derivative of -b**4/12 - 17*b**3/6 - 9*b. Let v be m(-8). Suppose v = 8*y - 328. What are the prime factors of y?
2, 5
Let z = 2327 - -124. Suppose -5*o + 4109 = -3*y, 3*o - 7*y - z = -10*y. List the prime factors of o.
2, 5, 41
Suppose 4*u + 3*v - 279 = 0, 350 = 5*u + 3*v + 2*v. Suppose u = -4*g + g. Let t = 46 + g. What are the prime factors of t?
23
Let t = 10574 + -2560. What are the prime factors of t?
2, 4007
Let k(t) = -t**3 - 3*t**2 - 3*t + 2. Suppose 2*d + 4 = -3*n + 8, -2*d = -n - 12. Let q be k(n). List the prime factors of 440/q - (-1 - 1).
2, 7
Suppose 0 = 172*f - 171*f + 3, 5*a - 129619 = -2*f. What are the prime factors of a?
5, 17, 61
Let w(x) = 69*x**2 - 3*x - 5. Let s be w(-2). Let q(v) = v**3 + 8*v**2 + 10*v + 6. Let g be q(-9). Let i = s + g. List the prime factors of i.
2, 7
Let k(y) = 11*y. Let o be k(2). Suppose -12*l - 5470 = -o*l. What are the prime factors of l?
547
Suppose l - 20 = -2*k, -4*k - 4*l = -3 - 33. Let a = k - 1. What are the prime factors of ((-3936)/(-30) - 0) + (-2)/a?
131
Suppose 11*a = -z + 15*a + 4416, -17569 = -4*z - 3*a. Suppose -9*u = 5*u - z. List the prime factors of u.
2, 157
Let y(g) = 3952*g + 1228. What are the prime factors of y(13)?
2, 13151
Let r be ((-16)/40)/(3/(-15))